Let w = 29 + g. Suppose 5*m - 200 = 6*f - 11*f, -166 = -4*m - 2*f. Calculate the remainder when m is divided by w.
13
Suppose -5*a = -5*n + 25, 2*a + 3 = -5*n + 6*n. Calculate the remainder when 11 is divided by n.
4
Let g = 38 - 3. What is the remainder when g is divided by 13?
9
Let p(c) = -c + 10. Suppose -3*b = -5*j + 2*b + 25, 4*j + 2*b = 20. What is the remainder when p(j) is divided by 3?
2
Let c = -31 + 53. Suppose -2*m = -0*m - c. What is the remainder when 19 is divided by m?
8
Suppose -c = 0, -h + 5*h - c = -24. Let v(j) = -j**3 - 6*j**2 - 9*j - 8. Calculate the remainder when v(h) is divided by 24.
22
Suppose -4*t = 4*s - 48, -5*s + 2*s - 4*t = -41. Let f(b) = b**3 - 7*b**2 + b - 4. Calculate the remainder when 3 is divided by f(s).
0
Suppose -4*f + j = -421 + 165, -f = 4*j - 47. Calculate the remainder when f is divided by (0 - 2) + 5*7.
30
Suppose -4*g = -g - 39. What is the remainder when 12*((-4)/(-2) - 0) is divided by g?
11
Let s(m) = m**2 + m + 18. Calculate the remainder when 50 is divided by s(0).
14
Let r(k) = k**3 + 8*k**2 - 10. Let h be r(-8). Let w = 18 + h. Suppose -f + 2*j + 11 = 0, -3*f - 26 = -3*j - 74. Calculate the remainder when f is divided by w.
5
Let b(s) = s**2 + 5*s + 7. Let x be b(-7). Suppose -x = -0*z - 3*z. Calculate the remainder when (0 - -1)*(13 - 0) is divided by z.
6
What is the remainder when (-401)/(-3) + 2/6 is divided by 34?
32
What is the remainder when (-2)/(-1) + -3 - -17 is divided by 5?
1
Let f(h) = h**2 - 2*h + 1. Let v = -4 - -8. Let s = v - 0. Calculate the remainder when 16 is divided by f(s).
7
Suppose 7*u - 19 = 9. What is the remainder when 12 is divided by u?
0
Let n(v) = -v**3 - 8*v**2 - 7*v + 10. Let j = -3 - 4. What is the remainder when 28 is divided by n(j)?
8
Suppose 4*d = -6*d + 270. Suppose 2*y + 2*k - 21 = 5*k, -y + k + 12 = 0. What is the remainder when d is divided by y?
12
Let n(j) = -7*j - 3. Calculate the remainder when 54 is divided by n(-2).
10
Suppose r = 5*u - 10, r + 3*r - 23 = -u. Let d(a) be the second derivative of a**3 - a**2/2 + a. Calculate the remainder when d(r) is divided by 15.
14
Let u = 34 - -43. Suppose 0 = -5*a + 4*a - 4*h + 14, 0 = -a - h + 23. Calculate the remainder when u is divided by a.
25
Let g(d) = 17*d**2 + 2*d. Let p be g(3). Suppose 5*x = -p + 959. Suppose l - 59 = 5*w, 2*w = -5*l - 0*w + x. What is the remainder when l is divided by 18?
16
Let j = -12 - -21. Let q(r) = -27*r**3 - r**2 - r - 1. Calculate the remainder when q(-1) is divided by j.
8
Calculate the remainder when 37 is divided by 81/54 - 2/4*-13.
5
Let c(m) = 3*m**2 + 1. Let k = -5 - -16. What is the remainder when k is divided by c(1)?
3
Let n(c) = c**2 + 4*c - 5. Suppose 4*v - 8*v = -120. What is the remainder when v is divided by n(-7)?
14
Let v = 9 - 59. Let o = -28 - v. What is the remainder when 43 is divided by o?
21
Suppose -2*c - 5 = i, -3*i + 5*c = -0*i - 40. Suppose i*g = -2*f + 51, f + 42 = g + 4*g. What is the remainder when 34 is divided by g?
7
Let g = -18 - -35. What is the remainder when 31 is divided by g?
14
Suppose 63*o = 62*o + 26. Suppose 5*d - 47 = 23. What is the remainder when o is divided by d?
12
Calculate the remainder when 32*(1 - 0)*(21 + -19) is divided by 33.
31
Suppose -4*o + 149 = 17. Let d(a) = -a + 12. Calculate the remainder when o is divided by d(0).
9
Let i(o) = -2*o + 15*o**2 + 7 - 14*o**2 - 4*o. What is the remainder when i(8) is divided by 6 - (-1)/((-1)/(-2))?
7
Let p be 2/(-6) - 25/(-3). Suppose p*m - 3*m = 100. Calculate the remainder when 78 is divided by m.
18
Let k = 4 - 0. Suppose -2*h + k = -0. Suppose -5*b + h*b + 12 = 0. Calculate the remainder when b is divided by 3.
1
Let w = -24 + 33. What is the remainder when w is divided by 6?
3
Let p(s) = -6*s - 1. Let w be p(-8). Suppose -19 = -3*c + w. What is the remainder when c is divided by 8?
6
Let n(b) = b**3 + 8*b**2 + 2. Let u be (16/20)/((-3)/30). Calculate the remainder when 6 is divided by n(u).
0
Let i(b) = -35*b - 8. What is the remainder when i(-5) is divided by 21?
20
Suppose -2*h = -6 - 50. Suppose 0 = -x + 4 + 6. Calculate the remainder when h is divided by x.
8
Suppose -75 - 9 = -3*k. Let q = 21 - 11. Calculate the remainder when k is divided by q.
8
Suppose 3*q - 6 = -q - 3*b, 0 = 3*b + 6. Suppose 9 = -0*i + 3*i, 2*k - 73 = -i. Suppose 0 = 6*w - w - k. Calculate the remainder when w is divided by q.
1
Let z(a) = -10*a + 1. Let b = 3 + -1. Suppose -2*o = -4*o - b. What is the remainder when 31 is divided by z(o)?
9
Suppose -3*v + 25 = 2*v, -3*z - 5*v = -10. Let s = z + 8. Suppose 19 = u + s. Calculate the remainder when 30 is divided by u.
14
Let q = 230 + -224. What is the remainder when 76 is divided by q?
4
Suppose 2*i - 124 = -4*w + 4*i, -i + 103 = 3*w. Calculate the remainder when 96 is divided by w.
30
Suppose -4*r + 31 = -13. Suppose 4*j = 4*h - 312, -h = -3*h + 8. Let p = j - -105. Calculate the remainder when p is divided by r.
9
Let u(n) = 2*n**2 - 6*n - 1. Let q be u(5). Suppose q = 5*x - 16. Let p = x + -1. What is the remainder when p is divided by 4?
2
Suppose -4*v = 11 - 3. Let n be v/(((-2)/12)/1). Let l = n + 3. Calculate the remainder when 29 is divided by l.
14
Let b = 7 + -4. Suppose 2*a - 6 = -y + 12, b*a - 26 = -2*y. What is the remainder when a is divided by 4?
2
Let h(s) = -3*s. Let j be h(2). Let o be 3/j*-2 + -2. Calculate the remainder when 59 is divided by (o - -18) + -1 + 4.
19
Let s = 7 + -3. Suppose -2*g - s*t = -t - 28, 0 = -g - 4*t + 4. Calculate the remainder when 38 is divided by g.
18
Let h = 2 - -2. Let w = 15 - h. Suppose 5*l - f = -0*f + 96, l = -4*f + 36. Calculate the remainder when l is divided by w.
9
Let u = 23 + -15. Calculate the remainder when (2/(-4))/(1/(-58)) is divided by u.
5
Suppose 0 = -12*p + 14*p - 12. Let y = 0 + -1. What is the remainder when y + 4*(0 + 3) is divided by p?
5
Suppose 0*h = -2*h + 30. What is the remainder when 72 is divided by h?
12
Let s = -87 - -129. Calculate the remainder when s is divided by 9.
6
Suppose 2*y = 4*w + 122, 2*y + 2*w - 42 = 56. Calculate the remainder when y is divided by 11.
9
Let o(t) = t**3 + 10*t**2 + 8*t - 7. Let x be o(-9). Let z = -358 + 553. Suppose 0 = x*p + 3*p - z. What is the remainder when p is divided by 10?
9
Let m = -5 + 7. Let t = m + 36. Let a = t + -23. Calculate the remainder when 43 is divided by a.
13
Let u(d) = 3*d**2 + 4*d - 9. Calculate the remainder when u(4) is divided by 15.
10
Let j(m) = -m**3 - 8*m**2 - 8*m - 1. Let p be j(-7). Let v = -5 + p. Calculate the remainder when 2 is divided by v.
0
Let s(g) = g**2 - 3*g - 5. Let w be s(5). Suppose -r - 2*r = 4*k - 91, 0 = -w*r - 5*k + 145. What is the remainder when r is divided by 14?
11
Calculate the remainder when (-13)/26 + 255/2 - 4 is divided by 31.
30
Let b be (-2)/13 + 4/26. Suppose 2*g + 3*h - 23 = b, -3*g + 5*h - 1 = -g. Calculate the remainder when 13 is divided by g.
6
Let x = 28 + -5. Suppose 0 = -5*g + g + 5*p + x, 2 = 2*p. Calculate the remainder when g is divided by 3.
1
Suppose -3*v + 10 + 23 = 4*t, -2*t = 4*v - 24. Suppose t*a - 75 = 3*a. Let f(h) = 13*h**2. Calculate the remainder when a is divided by f(1).
12
Suppose 0 = p - 2*p + 4*o - 3, -3*p - 4*o - 73 = 0. Let i = p + 31. Let l(b) = -35*b**3 + b + 1. Calculate the remainder when l(-1) is divided by i.
11
Let a(l) = 5*l**3 - l**2 + 2*l - 2. Let g be a(3). Suppose -j + 0*j = v - 42, -g = -3*v - 2*j. Let d = v + -18. Calculate the remainder when d is divided by 15.
13
Calculate the remainder when 7 is divided by (6/15 + 0)*(8 + -3).
1
Let u be (-58)/8 - 6/(-24). Let x(s) = s + 10. Let g be x(u). What is the remainder when 46 is divided by (g - 12)*(-16)/6?
22
Let u = -3 - -11. Let a be ((-3)/(-6))/((-1)/(-36)). Let f = a + -3. Calculate the remainder when f is divided by u.
7
Suppose 0 = 3*a - 60 + 9. Calculate the remainder when a is divided by (5/(-10))/(2/(-24)).
5
Let y = 74 - 53. What is the remainder when 124 is divided by y?
19
Suppose 7*h - 81 - 941 = 0. What is the remainder when h is divided by 50?
46
Let b = -19 - -27. Calculate the remainder when 43 is divided by b.
3
Let b = 37 + -7. What is the remainder when b is divided by 16?
14
Let z be (-15)/(-10) + 1/2. Suppose -c = -f + 9, z*f - 4*f - 2*c = -10. What is 